e factors of p.
37
Let x(j) = -j**3 + j**2 + 3. Suppose -4*f + 16 + 0 = 0. Suppose -r = 4*y + 1, r = -2*y - f*r - 5. List the prime factors of x(y).
3
Let h be (-4*3)/((-6)/4). Suppose a - h = 13. List the prime factors of a.
3, 7
Let y be 7*2/(-7)*-3. Suppose 0 = 4*x - 3 - 5. Suppose 0 = y*j - 2*j + 3*c - 41, 4*c = -x*j + 8. List the prime factors of j.
2, 7
List the prime factors of 1544/5 - (-7)/35.
3, 103
Suppose y + 5 - 11 = 0. Let g = y + 2. List the prime factors of g.
2
Let v(d) = -3*d + 26. Let l(b) = -4*b + 39. Let z(y) = 5*l(y) - 7*v(y). Let m be z(-9). Let j = m + -2. List the prime factors of j.
2
Suppose -4*i + t + 6 + 1 = 0, 2*t = 2*i + 4. List the prime factors of (-4 + 1)/i*-11.
11
Let o = 10 + -5. Suppose 11 = 4*c - o. List the prime factors of c.
2
Let w = 2 + 0. Suppose -2 = -x + w*t, t + 3 = -x + 2*x. Suppose 6 = 5*n + 2*c - 26, x*n - 2*c = 40. List the prime factors of n.
2
Let j(l) = -37*l - 1. What are the prime factors of j(-1)?
2, 3
Let w(f) = -5*f - 49. Suppose 0*i + 55 = 5*i. Let t(v) = v + 10. Let n(y) = i*t(y) + 2*w(y). List the prime factors of n(-7).
5
Let o = 182 - 105. List the prime factors of o.
7, 11
Suppose 5 = -5*u - 0. What are the prime factors of (-28)/8*u*2?
7
Let d = 35 + -14. What are the prime factors of d?
3, 7
Suppose 27 = 3*k + 6. Let z(q) = -q + 1. Let y be z(k). Let i = y + 9. What are the prime factors of i?
3
Let t be -5 - -7 - (-1 + 0). Suppose v - 34 = t*v. Let o = 37 + v. What are the prime factors of o?
2, 5
Let r(g) = -2*g + 4. Let d(y) = 2*y - 4. Suppose o - 4*o - 18 = 0. Let i(z) = o*d(z) - 5*r(z). List the prime factors of i(-4).
2, 3
Let c(v) = 3*v - 6. Let j = -1 + 6. What are the prime factors of c(j)?
3
Let u(d) = -2*d**3 - 3*d**2 - d - 7. Let p be u(-3). Let y = p - -20. What are the prime factors of y?
43
Suppose -x + 5*x - 68 = 0. What are the prime factors of x?
17
Let k(i) = i**3 - 11*i**2 - 13*i + 13. Let d be k(12). List the prime factors of 2*d - (-6 + -8).
2
Let p = 49 + -23. Suppose 0 = -5*z + 3*z + p. What are the prime factors of z?
13
Let u(d) = d + 10. What are the prime factors of u(-7)?
3
Let b = 9 - 4. Suppose 0 = -b*s + s + 16. Suppose -s*i - i = -50. List the prime factors of i.
2, 5
Let p(s) = s**2 + 6*s + 10. List the prime factors of p(-10).
2, 5
What are the prime factors of -3*((-1)/(-3) - 3/3)?
2
Let n be 0*2*3/12. Let c(q) = -q**2 + q + 29. Let u be c(n). Let i = -16 + u. What are the prime factors of i?
13
Suppose 4*f + 0*f - 52 = 5*m, -3*f - 6 = 0. Let r be (m/10)/((-2)/85). Suppose a + r = 3*x - 0*a, 4*x - 68 = -3*a. What are the prime factors of x?
17
Let r(d) = 4*d**2 - d + 3. Let p be r(3). Suppose 5*l - p = l. What are the prime factors of l?
3
Let i(a) = a**3 - 9*a**2 + a - 7. Let r be i(9). Suppose -85 = -3*z - r*z. List the prime factors of z.
17
What are the prime factors of (20/6)/((2 + -7)/(-165))?
2, 5, 11
Let j(y) = -y**3 + 3*y**2 + 2*y - 1. Let u be j(3). Let l(t) = t**2 - 7*t. Let v be l(u). List the prime factors of 33*(v/6)/(-5).
11
Suppose 2*q - o = 138, 2*q = 3*q + o - 69. What are the prime factors of q?
3, 23
Let v = -28 - -96. What are the prime factors of v?
2, 17
Let h(v) = 2*v**3 + 2*v + 1. Let z be h(-1). List the prime factors of 22/6 - 1/z.
2
Let k(c) = -c**3 - 7*c**2 - 6. Let t be k(-7). List the prime factors of t/(-10) + 114/10.
2, 3
Suppose -3*l + 80 = 2*l. Let n = -12 + l. What are the prime factors of n?
2
Let q be 3*(-3)/(-9) - 2. Let t be q/(-2) + (-65)/(-10). Suppose -2 = 6*c - t*c. What are the prime factors of c?
2
Let i = 21 + -18. Suppose i*d - 48 = d. List the prime factors of d.
2, 3
List the prime factors of ((-3)/(-9))/((-4)/(-48)).
2
Let g(c) = -3*c + 1. Let w be g(-4). Suppose 0 = -12*l + 11*l + w. What are the prime factors of l?
13
Let o be 187/(-3) + 16/(-24). Let n = -41 - o. What are the prime factors of n?
2, 11
Let g(u) = -1 - 6*u**2 + 4*u**2 + 8 + u**3 - 5*u**2 - 8*u. What are the prime factors of g(8)?
7
Suppose -4*h - 2*h + 360 = 0. List the prime factors of h.
2, 3, 5
Let l be 3/(-9) + 67/3. Suppose -5*g + l - 2 = 0. List the prime factors of g.
2
Let n(s) = -s - 3. Let z be n(-6). Suppose -z*k - k = -8. Suppose -k*h = -7*d + 2*d - 32, 2*d + 48 = 4*h. What are the prime factors of h?
11
Suppose -a - 2*u = -23, -5*u + 2 = 12. List the prime factors of a.
3
Let u(m) = -m**2 - 4*m + 5. Let q be u(-5). Suppose 4*c + 2*i + 46 = q, -3*c = c - 5*i + 53. What are the prime factors of 2/3 - 124/c?
11
Suppose p - 6*p + 5*a + 275 = 0, 0 = -4*p + a + 217. Suppose 5*o = 2*o + p. List the prime factors of o.
2, 3
Let m(l) = 6*l**3 + l**2 - 11*l + 10. Let n(g) = -5*g**3 - 7*g + 11 + 12*g**3 - 5*g. Let z(o) = -6*m(o) + 5*n(o). What are the prime factors of z(-7)?
2
Let n(p) = -p**3 + 9*p**2 + 2*p - 9. List the prime factors of n(7).
103
Let s(n) = n**3 - 7*n**2 + 6. Let t = 19 + -5. Suppose t = 2*d - 0. List the prime factors of s(d).
2, 3
Suppose -2*v - 4*g = -0*g - 28, -5*v = -4*g - 70. List the prime factors of v.
2, 7
Let i(p) = -p**2 + 10*p + 12. Let r(g) = 1. Let y(z) = -i(z) + 4*r(z). Let t be y(11). Suppose -4*q - h - 3*h = 12, -15 = t*h. What are the prime factors of q?
2
Let t(c) = 14*c - 2. Let i be t(-4). Let p = i - -106. List the prime factors of p.
2, 3
Suppose 3*i = 3*w + 10 - 1, -w = 4*i - 2. Let d be (w + 1)*1*3. List the prime factors of (d + 1)*(-9)/6.
3
Let w be (3/6)/((-2)/(-24)). Suppose -i - i = -q + w, -20 = -4*q + 4*i. What are the prime factors of q?
2
Suppose q + q = -10. Let m = 5 + q. Suppose m = -0*r - 4*r + 68. List the prime factors of r.
17
Suppose 2*z = -s + 18, -3*s - 5*z = -0*s - 50. Suppose -s = -g + 6. What are the prime factors of g?
2
Suppose t + 4*t - 3*z = -15, -5*t + 2*z - 10 = 0. Suppose t = -4*n + 39 - 7. What are the prime factors of n?
2
Suppose -270 = -4*x - 78. List the prime factors of x.
2, 3
Let t(x) = 2*x**2 - 17*x - 8. Let a be t(12). Suppose -s - a = -2*k, k = -0*k - 3*s + 38. What are the prime factors of k?
2, 19
List the prime factors of -7*(3 + -10)*1.
7
Suppose -19 = -2*z + 121. List the prime factors of z.
2, 5, 7
Suppose 264 = 9*k + 2*k. What are the prime factors of k?
2, 3
Let o(s) = 4*s**2 + 4 - s**2 + s - 2*s**2 - 1. What are the prime factors of o(3)?
3, 5
Let w(l) = -l. Let d be w(-2). Suppose -d*y + 10 = -18. List the prime factors of y.
2, 7
Let z = 70 - 37. What are the prime factors of z?
3, 11
Let g = -5 - -3. What are the prime factors of g/3 - 115/(-15)?
7
Suppose 3*i = -q + 7, 4*q + 0*q = 5*i - 40. Suppose 10 = 3*s + i. List the prime factors of ((-1)/s)/(4/(-24)).
3
Let s(z) = 2*z - 7. List the prime factors of s(5).
3
Let n be 3/(-3)*(-1 - -1). Suppose n = -g - 3*t - 18, -5*t + 15 = -0. List the prime factors of 5/(-15)*(g + 0).
3
Let o(b) = 19*b**2 + 3*b + 1. What are the prime factors of o(-3)?
163
Suppose -4*v + 3*v + 57 = -3*o, -o = 3. List the prime factors of v.
2, 3
Let x be (-6)/4 - (-3)/(-2). Let y(o) = o**2 + 3*o + 2. Let h be y(x). Suppose 5 = -h*f + 51. List the prime factors of f.
23
Suppose -3*p + 22 + 8 = 0. Suppose 3*k + 32 = 4*v - k, 2*k - p = 0. List the prime factors of v.
13
Let p = 16 - 14. Suppose -109 = -5*t - a, 0 = -a - p + 6. What are the prime factors of t?
3, 7
Let q = 6 - -2. Let w = 17 - q. What are the prime factors of w?
3
Let r = -1 - -2. Let q be 5/(5/8) - r. Let z(y) = 2*y - 9. What are the prime factors of z(q)?
5
Suppose 21*x = 23*x - 246. List the prime factors of x.
3, 41
Let i be 28*(-2 - 40/(-14)). Suppose -k + 3*t = -2*t - i, 4*k - 3*t = 28. List the prime factors of k.
2
Let h be 0/(-3 - -2 - 0). Let b(u) = -u**2 + 6*u**3 + 7*u**3 + h*u + u. List the prime factors of b(1).
13
Suppose -b = b. Suppose 0 = -2*f - b*p + 4*p + 52, -f + 34 = -4*p. What are the prime factors of f?
2, 3
Let l(b) = -b**2 - 6*b + 4. Let n be l(-6). Suppose n*p = 260 - 56. List the prime factors of p.
3, 17
Let r = 0 + -3. Let a be (0/r)/2 - -2. Suppose -a*w + 7*w = 60. List the prime factors of w.
2, 3
Let o be (-38)/(-6) - (-8)/12. Suppose -13 = 5*v + o. Let i = v - -7. What are the prime factors of i?
3
List the prime factors of 4/(3 - -1) - -15.
2
Let b(p) = p + 2. Let n be b(-5). Let j = -3 - n. Let q(o) = -o**2 + 14. What are the prime factors of q(j)?
2, 7
Suppose 6*w = 728 + 52. List the prime factors of w